{"id":94,"date":"2023-11-01T11:02:58","date_gmt":"2023-11-01T11:02:58","guid":{"rendered":"https:\/\/kreuzer-psychotherapie.de\/?page_id=94"},"modified":"2026-03-29T12:16:09","modified_gmt":"2026-03-29T12:16:09","slug":"workshops-seminare","status":"publish","type":"page","link":"https:\/\/kreuzer-psychotherapie.de\/?page_id=94","title":{"rendered":"WORKSHOPS | SEMINARE"},"content":{"rendered":"\n<p>Die Wochenend-Workshops finden in der Regel von Freitag bis Sonntag Abend in Berlin statt.&nbsp;<br>Die 4- oder 5-t\u00e4gigen Seminare finden in einem Seminarhaus im Umland Berlins statt.<\/p>\n\n\n\n<p>Es wird innerhalb der zur Verf\u00fcgung stehenden Zeit ein Thema bearbeitet und auch abgeschlossen. Dadurch sind die Seminare offen f\u00fcr alle, die mit Therapie Erfahrungen haben, d. h. sich in Therapie befinden oder diese abgeschlossen haben.<\/p>\n\n\n\n<p>Dies ist selbstverst\u00e4ndlich nur in Absprache mit dem behandelnden Therapeuten m\u00f6glich.<\/p>\n\n\n\n<p>Falls nach dem Seminar noch Fragen offen sind, stehe ich Ihnen nach dem Seminar und auch zu einem sp\u00e4teren Zeitpunkt zur Verf\u00fcgung.<\/p>\n\n\n\n<p><strong>Meine Seminare richten sich vor allem an Menschen, die sich in einem therapeutischen Prozess befin\u00adden und auf ihrem Weg unterst\u00fctzt werden m\u00f6chten.&nbsp;<\/strong><br><strong>Bitte rufen Sie mich vorher an, wenn wir uns noch nicht kennen.<\/strong><\/p>\n\n\n\n<ul class=\"wp-block-list\">\n<li>LEITUNG: Eva-Maria Kreuzer, Psychoanalytikerin <\/li>\n\n\n\n<li>INFORMATION UND ANMELDUNG:&nbsp;<a href=\"mailto:Praxis@Kreuzer-Psychotherapie.de\">Praxis@Kreuzer-Psychotherapie.de<\/a>&nbsp; | Fon: 030 8825286 oder \u00fcber untenstehende Kontaktformulare<\/li>\n<\/ul>\n\n\n\n<p><strong>SEMINARANGEBOTE 2026<\/strong><\/p>\n\n\n\n<p>5 <a href=\"https:\/\/kreuzer-psychotherapie.de\/?page_id=120\" data-type=\"page\" data-id=\"120\">TAGES-SEMINAR\u00a0im Berliner Umland &#8211; Mai 2026 <strong>&#8222;Beziehungen im M\u00e4rchen&#8220;<\/strong><\/a><\/p>\n\n\n\n<p>Weitere Angebote folgen.<\/p>\n","protected":false},"excerpt":{"rendered":"<p>Die Wochenend-Workshops finden in der Regel von Freitag bis Sonntag Abend in Berlin statt.&nbsp;Die 4- oder 5-t\u00e4gigen Seminare finden in einem Seminarhaus im Umland Berlins statt. Es wird innerhalb der zur Verf\u00fcgung stehenden Zeit ein Thema bearbeitet und auch abgeschlossen. Dadurch sind die Seminare offen f\u00fcr alle, die mit Therapie Erfahrungen haben, d. h. sich &hellip; <\/p>\n<p class=\"link-more\"><a href=\"https:\/\/kreuzer-psychotherapie.de\/?page_id=94\" class=\"more-link\"><span class=\"screen-reader-text\">\u201eWORKSHOPS | SEMINARE\u201c<\/span> weiterlesen<\/a><\/p>\n","protected":false},"author":1,"featured_media":114,"parent":0,"menu_order":0,"comment_status":"closed","ping_status":"closed","template":"","meta":{"footnotes":""},"class_list":["post-94","page","type-page","status-publish","has-post-thumbnail","hentry"],"_links":{"self":[{"href":"https:\/\/kreuzer-psychotherapie.de\/index.php?rest_route=\/wp\/v2\/pages\/94","targetHints":{"allow":["GET"]}}],"collection":[{"href":"https:\/\/kreuzer-psychotherapie.de\/index.php?rest_route=\/wp\/v2\/pages"}],"about":[{"href":"https:\/\/kreuzer-psychotherapie.de\/index.php?rest_route=\/wp\/v2\/types\/page"}],"author":[{"embeddable":true,"href":"https:\/\/kreuzer-psychotherapie.de\/index.php?rest_route=\/wp\/v2\/users\/1"}],"replies":[{"embeddable":true,"href":"https:\/\/kreuzer-psychotherapie.de\/index.php?rest_route=%2Fwp%2Fv2%2Fcomments&post=94"}],"version-history":[{"count":14,"href":"https:\/\/kreuzer-psychotherapie.de\/index.php?rest_route=\/wp\/v2\/pages\/94\/revisions"}],"predecessor-version":[{"id":193,"href":"https:\/\/kreuzer-psychotherapie.de\/index.php?rest_route=\/wp\/v2\/pages\/94\/revisions\/193"}],"wp:featuredmedia":[{"embeddable":true,"href":"https:\/\/kreuzer-psychotherapie.de\/index.php?rest_route=\/wp\/v2\/media\/114"}],"wp:attachment":[{"href":"https:\/\/kreuzer-psychotherapie.de\/index.php?rest_route=%2Fwp%2Fv2%2Fmedia&parent=94"}],"curies":[{"name":"wp","href":"https:\/\/api.w.org\/{rel}","templated":true}]}}