{"id":73,"date":"2023-11-01T10:53:35","date_gmt":"2023-11-01T10:53:35","guid":{"rendered":"https:\/\/kreuzer-psychotherapie.de\/?page_id=73"},"modified":"2023-11-01T12:42:25","modified_gmt":"2023-11-01T12:42:25","slug":"kurzzeitanalyse-nach-davanloo","status":"publish","type":"page","link":"https:\/\/kreuzer-psychotherapie.de\/?page_id=73","title":{"rendered":"Kurzzeitanalyse nach Davanloo"},"content":{"rendered":"\n<p>Die Intensive Psychodynamische Kurzzeittherapie nach DAVANLOO versucht auf direktem Wege die unbewussten selbstsch\u00e4digenden Verhaltensweisen und Mechanismen bewusst werden zu lassen, indem der Klient diese im Kontakt mit dem Therapeuten erlebt. <\/p>\n\n\n\n<p>Es werden relativ schnell alte, verdr\u00e4ngte, schmerzhafte und bedrohliche Gef\u00fchle wiederbelebt. Dieses sind insbesondere Gef\u00fchle der Wut, Schuldgef\u00fchle und Trauer, die vorwiegend k\u00f6rperlich erlebt und im sch\u00fctzenden therapeutischen Setting durchgearbeitet werden k\u00f6nnen. Dadurch werden in kurzer Zeit tiefe Schichten des Unbewussten erreicht und einer Verarbeitung zug\u00e4nglich gemacht. <\/p>\n\n\n\n<p>Diese Methode ist eng mit der videokontrollierten Arbeit verbunden, so dass eine kontinuierliche Untersuchung des therapeutischen Prozesses m\u00f6glich ist.<\/p>\n\n\n\n<p>Diese Therapieform umfasst ca. 60-80 Sitzungen, wobei eine Sitzung auch mehrere Stunden dauern kann.<\/p>\n","protected":false},"excerpt":{"rendered":"<p>Die Intensive Psychodynamische Kurzzeittherapie nach DAVANLOO versucht auf direktem Wege die unbewussten selbstsch\u00e4digenden Verhaltensweisen und Mechanismen bewusst werden zu lassen, indem der Klient diese im Kontakt mit dem Therapeuten erlebt. Es werden relativ schnell alte, verdr\u00e4ngte, schmerzhafte und bedrohliche Gef\u00fchle wiederbelebt. Dieses sind insbesondere Gef\u00fchle der Wut, Schuldgef\u00fchle und Trauer, die vorwiegend k\u00f6rperlich erlebt und &hellip; <\/p>\n<p class=\"link-more\"><a href=\"https:\/\/kreuzer-psychotherapie.de\/?page_id=73\" class=\"more-link\"><span class=\"screen-reader-text\">\u201eKurzzeitanalyse nach Davanloo\u201c<\/span> weiterlesen<\/a><\/p>\n","protected":false},"author":1,"featured_media":0,"parent":63,"menu_order":1,"comment_status":"closed","ping_status":"closed","template":"","meta":{"footnotes":""},"class_list":["post-73","page","type-page","status-publish","hentry"],"_links":{"self":[{"href":"https:\/\/kreuzer-psychotherapie.de\/index.php?rest_route=\/wp\/v2\/pages\/73","targetHints":{"allow":["GET"]}}],"collection":[{"href":"https:\/\/kreuzer-psychotherapie.de\/index.php?rest_route=\/wp\/v2\/pages"}],"about":[{"href":"https:\/\/kreuzer-psychotherapie.de\/index.php?rest_route=\/wp\/v2\/types\/page"}],"author":[{"embeddable":true,"href":"https:\/\/kreuzer-psychotherapie.de\/index.php?rest_route=\/wp\/v2\/users\/1"}],"replies":[{"embeddable":true,"href":"https:\/\/kreuzer-psychotherapie.de\/index.php?rest_route=%2Fwp%2Fv2%2Fcomments&post=73"}],"version-history":[{"count":2,"href":"https:\/\/kreuzer-psychotherapie.de\/index.php?rest_route=\/wp\/v2\/pages\/73\/revisions"}],"predecessor-version":[{"id":133,"href":"https:\/\/kreuzer-psychotherapie.de\/index.php?rest_route=\/wp\/v2\/pages\/73\/revisions\/133"}],"up":[{"embeddable":true,"href":"https:\/\/kreuzer-psychotherapie.de\/index.php?rest_route=\/wp\/v2\/pages\/63"}],"wp:attachment":[{"href":"https:\/\/kreuzer-psychotherapie.de\/index.php?rest_route=%2Fwp%2Fv2%2Fmedia&parent=73"}],"curies":[{"name":"wp","href":"https:\/\/api.w.org\/{rel}","templated":true}]}}